t common divisor of i and v.
33
Let x(d) = 3*d - 7. Suppose 3*c = 18 - 0. Let a be x(c). Let t(s) = -6*s**2 - 15*s + 400. Let j be t(7). Calculate the greatest common divisor of j and a.
1
Let z = 640 - -1637. What is the highest common factor of 63 and z?
9
Let v be 8/2 - 478/(-2). Let p be (-3)/(-9) + 52/6. What is the greatest common factor of p and v?
9
Let t(s) = -104*s - 259. Let v(i) = -51*i - 129. Let u(j) = -2*t(j) + 5*v(j). Let q be u(-17). Calculate the greatest common divisor of q and 96.
96
Let o = -648 - -918. Let l(b) = -b**3 - 4*b**2 + 3*b - 44. Let g be l(-6). Calculate the greatest common divisor of o and g.
10
Suppose -4*c + p - 2*p = -108, 0 = -5*c + 2*p + 148. Suppose 0 = -5*q - 220 + 345. Suppose q*o - 7*o = 756. What is the greatest common divisor of o and c?
14
Suppose -3*h - 82 = -r + 870, -3*h = -3*r + 2808. What is the greatest common factor of r and 1682?
58
Suppose -b - 3*p = -3*b - 470, 3*b - 3*p + 708 = 0. Let s = 274 + b. Calculate the greatest common divisor of s and 522.
18
Let b be (-14344)/72 + (-2)/(-9). Let g = 217 + b. Suppose -3*o = -i - 130, 3*o - 4*o - 3*i + 60 = 0. Calculate the greatest common divisor of g and o.
9
Let i be (325/20)/(115/184). What is the highest common divisor of i and 1833?
13
Suppose 2*m = -7 - 1. Let d(b) = b**2 - 5*b - 14. Let o be d(m). Suppose -3*i + 110 = -i. What is the highest common divisor of i and o?
11
Let c(r) = 9*r + 38. Let x be c(-3). Let h be -4 + x + (-1 - -5). Calculate the highest common factor of 385 and h.
11
Suppose 0 = 19*k + 115*k - 7582 - 2870. Calculate the greatest common factor of k and 2691.
39
Let d be 3*1/6*-2. Let t be d/4 + 1833/52. Let p be 3/(-2)*(14 - (-504)/(-27)). What is the highest common divisor of p and t?
7
Let v = 1145 + -1135. What is the greatest common factor of 550 and v?
10
Let p = 189 + -132. Suppose 27*i = 26*i + p. What is the greatest common divisor of 19 and i?
19
Let n be 4/5*(-5200)/(-32). Let l be (1 + 2)*(-5)/5 - -107. Suppose 0 = -34*h + 38*h - l. Calculate the greatest common divisor of h and n.
26
Suppose 187*q - 1840920 = -103*q. What is the greatest common divisor of q and 24?
12
Let p(u) = u**3 + 7*u**2 + 15*u - 5. Let l be p(-5). Let w be (16/10)/(l/(-1050)). What is the greatest common factor of w and 84?
28
Let s be (-1980)/3*(15/2 - (-1 + 9)). What is the greatest common divisor of 1485 and s?
165
Suppose r = 15 - 8. Let g = 9 - r. Let m be g + -5 - (-3 + -90). Calculate the highest common factor of m and 18.
18
Let j(t) = t**3 + 8*t**2 - 2*t - 13. Let v be j(-8). Suppose 0 = -v*a + 9 + 21. Calculate the highest common factor of 40 and a.
10
Suppose 0 = 4*k + 3*s - 57, 3*s - 6 + 33 = 3*k. Let o be 5130/25 - (-84)/(-70). What is the greatest common divisor of k and o?
12
Suppose -31*j + 3351 = 1085 - 7158. What is the greatest common divisor of j and 2512?
16
Let m(h) = -h**2 + h - 6. Let f be m(2). Let x be (-162)/9*(2 + f/3). Let d be -3 - (-92 - (-3)/(x/16)). What is the greatest common divisor of d and 17?
17
Let w(h) = -h**3 + 14*h**2 + 9*h - 23. Let c be w(13). Suppose 9*l + c = -412. Let i = 77 + l. What is the highest common factor of i and 16?
2
Suppose -586 = -10*g + 8*g. Suppose -3*n = -c + g, 2 = -4*c - 2. Let a = 218 + n. What is the highest common divisor of 30 and a?
30
Let c be (24/9)/((-2)/(-18)). Suppose 2*n - 105 - 109 = -2*k, -2*n = 3*k - 318. What is the highest common factor of c and k?
8
Let w be (36/(-16))/(414/(-7728)). Calculate the greatest common divisor of w and 63.
21
Let x(z) = z - 10 + 8*z + 11*z + 11. Let s be x(-13). Let p = s - -565. What is the greatest common factor of 34 and p?
34
Suppose 2*f - 3*z - 38 = 0, -5*f = z - 29 - 15. What is the highest common divisor of 82 and f?
2
Let c be (1824/(-36))/(1/(-3)). Let l be (-36)/27*(-12)/1. Calculate the highest common divisor of c and l.
8
Let p = 56 + -36. Suppose -9*f = -2 - 16. Suppose 2*x = f*u - 28, -54 = -2*u - 3*u + x. What is the highest common factor of u and p?
10
Let y = 54 + 45. Suppose -2*s - 3*v - 69 = -4*s, 2*s + 3*v - y = 0. Calculate the greatest common divisor of 12 and s.
6
Suppose 72 = -7*t + 11*t. Let o(d) = d**2 + 12*d + 24. Let j be o(-9). Let i be (-2 + -46)/(-3) - (-12)/j. What is the greatest common factor of i and t?
6
Let r(z) = -2*z**3 - 24*z**2 - 27*z - 3. Let s be r(-11). Suppose -q - v = -s, -35*q + 5*v + 199 = -31*q. Calculate the highest common factor of 663 and q.
51
Let a(j) = j**2 - 10*j - 9. Let y be a(-7). Let k(i) = -171*i - 4235. Let c be k(-25). Calculate the highest common factor of c and y.
10
Suppose 0 = 3*g - 5*f - 995, -19*g + 5*f = -12*g - 2255. Suppose 8*t - 947 = 3*t + h, 2*h = 4*t - 760. Calculate the highest common divisor of t and g.
63
Let d(y) = -y**3 - 4*y**2 + 4*y + 7. Let w be d(-5). Let c(f) = -f**2 + 5*f + 264. Let g be c(17). Calculate the greatest common divisor of g and w.
12
Suppose 4*j + 16148 = 4*q + 9*j, -q + 4037 = 4*j. Calculate the greatest common factor of 11 and q.
11
Let k(v) = 124*v**2 - 29*v + 82. Let z be k(4). What is the highest common factor of z and 234?
78
Suppose -2592 = -2*k + 4*x, 2*k - 40*x + 44*x = 2592. Suppose -3*c = 2*m - k, 3*m = m. Calculate the greatest common factor of c and 32.
16
Let x be (-1)/(-2)*((1 - -2) + 5). Let w be x/((28/352)/7). Calculate the greatest common factor of w and 22.
22
Let k(d) = 3 - 33*d + 8 - 34 - 135*d - 39. Let v be k(-3). What is the greatest common factor of 34 and v?
34
Let f = -3106 + 3238. Suppose 4*s - 40 = -4*l, -l - 7*s + 19 = -3*s. Let p be (52/14 + -2)*l. What is the greatest common divisor of p and f?
12
Suppose 9*b = 75*b - 409 - 647. Let p = 0 - -24. Calculate the highest common divisor of p and b.
8
Suppose -15*s + 1465 = c - 13*s, 3*c - 5*s - 4373 = 0. Suppose 2*i - 494 = -3*d + 72, 5*i - 4*d - c = 0. Calculate the greatest common divisor of 17 and i.
17
Suppose -21*m - 2453 = 676. Let h = m + 314. Calculate the greatest common factor of 75 and h.
15
Let n = -6209 + 6379. Calculate the highest common divisor of n and 20.
10
Let y be -4 - -4 - (0 - 1) - -14. Let o be (-2)/(-10) - 3/y. Suppose -5*d - 24 = -2*j, o = -2*j + d + 12 + 20. What is the highest common factor of j and 136?
17
Let u be (-2)/((-5)/(-30)*4) - -135. Suppose -10*f + 4*f = -u. What is the highest common divisor of 605 and f?
11
Suppose 651 = -20*g + 17478 + 30933. What is the greatest common factor of g and 132?
12
Let u be 14/1 - 0/1. Suppose -16*a + 143 = -129. Suppose a*z - 855 + 260 = 0. What is the highest common divisor of u and z?
7
Suppose -5*c = -8*c + 7*c. Let w be (c/1 - 1)*61. Let k = 23 - w. Calculate the greatest common factor of k and 28.
28
Suppose -209*t = -206*t - 2*j - 66, 3 = j. What is the highest common divisor of 33468 and t?
12
Suppose 334*m - 1122 = 330*m + 5*i, -i + 6 = 0. What is the greatest common divisor of 1184 and m?
32
Let n(o) = 450*o - 996. Let w be n(9). What is the greatest common divisor of 12 and w?
6
Suppose -5*z = -x + 57, 2*x + 2*x - z = 133. Suppose 1854*v + 94 = 1856*v + 2*k, 0 = 3*v + 2*k - 142. What is the highest common factor of x and v?
16
Let n = 2235 - -5172. What is the greatest common factor of n and 27?
9
Let s = -269 - -289. Let x be (s/14)/((-10)/(-840)). Calculate the highest common factor of 30 and x.
30
Let w = -7164 - -9189. Calculate the greatest common divisor of w and 100.
25
Let u(w) = 84*w + 3. Let b be u(3). Suppose m + 7 = -2*c - 4, 27 = -3*c - 5*m. Let h be (66/(-18) - c)*1*45. What is the greatest common factor of b and h?
15
Suppose -287 = -9*w + 1351. Let x = 203 - w. Calculate the greatest common divisor of x and 7.
7
Let s(r) = r**3 + 23*r**2 - 4*r - 27. Let q be 16461/(-713) + 4/46. Let j be s(q). What is the highest common divisor of 52 and j?
13
Let g = -86 - -87. Let o be 4 + -2 - (-3)/(3 - 6). Calculate the highest common factor of g and o.
1
Let l = 6626 + -6528. What is the greatest common divisor of l and 46550?
98
Let f(v) = v**3 + 36*v**2 - 169*v - 51. Let s be f(-38). Calculate the greatest common factor of 81 and s.
81
Suppose 54*a = 50*a + 232. Let s be (-9)/(-6) + (-1273)/(-2). Calculate the highest common divisor of a and s.
58
Let h(s) = s**3 - 8*s**2 - 15*s + 25. Let z be h(10). Suppose 4*l + l - z = 0. Let c = l - 14. What is the highest